e remainder when 1043126 is divided by 6.
2
What is the remainder when 589194 is divided by 25?
19
What is the remainder when 810 is divided by 8?
2
What is the remainder when 167197 is divided by 83590?
17
What is the remainder when 5825 is divided by 119?
113
Calculate the remainder when 275128 is divided by 38.
8
What is the remainder when 3199 is divided by 847?
658
Calculate the remainder when 20365 is divided by 521.
46
What is the remainder when 12690 is divided by 43?
5
What is the remainder when 903 is divided by 212?
55
What is the remainder when 2304 is divided by 234?
198
Calculate the remainder when 1132 is divided by 445.
242
What is the remainder when 1281188 is divided by 1203?
1196
Calculate the remainder when 8734 is divided by 1096.
1062
Calculate the remainder when 12103 is divided by 3025.
3
Calculate the remainder when 132210 is divided by 4721.
22
Calculate the remainder when 17972 is divided by 2.
0
What is the remainder when 7152 is divided by 25?
2
What is the remainder when 127392 is divided by 95?
92
Calculate the remainder when 379887 is divided by 126.
123
What is the remainder when 13709 is divided by 154?
3
Calculate the remainder when 584108 is divided by 79.
61
What is the remainder when 293604 is divided by 57?
54
Calculate the remainder when 138335 is divided by 16.
15
Calculate the remainder when 8499 is divided by 68.
67
What is the remainder when 19799 is divided by 75?
74
What is the remainder when 10646 is divided by 83?
22
Calculate the remainder when 13280 is divided by 4389.
113
Calculate the remainder when 31285 is divided by 4.
1
Calculate the remainder when 416 is divided by 35.
31
What is the remainder when 1568654 is divided by 495?
494
What is the remainder when 8313 is divided by 166?
13
Calculate the remainder when 119568 is divided by 217.
1
What is the remainder when 371 is divided by 28?
7
What is the remainder when 108360 is divided by 727?
37
Calculate the remainder when 2528551 is divided by 52.
51
Calculate the remainder when 4166 is divided by 18.
8
Calculate the remainder when 10339 is divided by 108.
79
Calculate the remainder when 1502 is divided by 1375.
127
Calculate the remainder when 1203164 is divided by 790.
784
Calculate the remainder when 1876 is divided by 775.
326
Calculate the remainder when 9323 is divided by 169.
28
What is the remainder when 46298 is divided by 9248?
58
What is the remainder when 2358 is divided by 14?
6
Calculate the remainder when 125035 is divided by 20831.
49
What is the remainder when 896699 is divided by 299?
297
Calculate the remainder when 10035 is divided by 40.
35
Calculate the remainder when 4841 is divided by 482.
21
What is the remainder when 2082 is divided by 44?
14
What is the remainder when 207253 is divided by 14?
11
Calculate the remainder when 2875 is divided by 1431.
13
Calculate the remainder when 2574 is divided by 2499.
75
What is the remainder when 107949 is divided by 44?
17
Calculate the remainder when 742 is divided by 654.
88
What is the remainder when 2541 is divided by 278?
39
What is the remainder when 16971 is divided by 18?
15
What is the remainder when 42322 is divided by 694?
682
What is the remainder when 84301 is divided by 51?
49
Calculate the remainder when 5374 is divided by 501.
364
Calculate the remainder when 430542 is divided by 20.
2
What is the remainder when 440 is divided by 264?
176
Calculate the remainder when 28436 is divided by 466.
10
What is the remainder when 2668 is divided by 127?
1
Calculate the remainder when 118334 is divided by 172.
170
What is the remainder when 25428 is divided by 12707?
14
What is the remainder when 4886 is divided by 110?
46
What is the remainder when 130512 is divided by 35?
32
Calculate the remainder when 15793 is divided by 3151.
38
Calculate the remainder when 534 is divided by 103.
19
What is the remainder when 11091 is divided by 2720?
211
Calculate the remainder when 72736 is divided by 774.
754
Calculate the remainder when 69316 is divided by 103.
100
Calculate the remainder when 39031 is divided by 17.
16
Calculate the remainder when 245266 is divided by 750.
16
What is the remainder when 9017 is divided by 55?
52
Calculate the remainder when 13516 is divided by 1035.
61
Calculate the remainder when 301584 is divided by 3548.
4
What is the remainder when 5094 is divided by 49?
47
Calculate the remainder when 3048 is divided by 1704.
1344
What is the remainder when 14873 is divided by 65?
53
Calculate the remainder when 581 is divided by 32.
5
What is the remainder when 21444 is divided by 282?
12
Calculate the remainder when 971 is divided by 50.
21
Calculate the remainder when 18146 is divided by 288.
2
Calculate the remainder when 16954 is divided by 27.
25
Calculate the remainder when 252683 is divided by 15.
8
Calculate the remainder when 94161 is divided by 59.
56
Calculate the remainder when 999790 is divided by 636.
634
Calculate the remainder when 205729 is divided by 88.
73
What is the remainder when 86520 is divided by 267?
12
Calculate the remainder when 13079 is divided by 247.
235
Calculate the remainder when 5812 is divided by 516.
136
What is the remainder when 66634 is divided by 1059?
976
Calculate the remainder when 8405 is divided by 172.
149
Calculate the remainder when 11633 is divided by 5715.
203
Calculate the remainder when 37273 is divided by 987.
754
Calculate the remainder when 45551 is divided by 219.
218
What is the remainder when 26815 is divided by 111?
64
Calculate the remainder when 284763 is divided by 62.
59
Calculate the remainder when 182200 is divided by 18.
4
Calculate the remainder when 739 is divided by 143.
24
Calculate the remainder when 4687 is divided by 934.
17
What is the remainder when 85453 is divided by 14?
11
Calculate the remainder when 4121 is divided by 817.
36
Calculate the remainder when 10471 is divided by 118.
87
What is the remainder when 2972051 is divided by 6?
5
Calculate the remainder when 2781 is divided by 11.
9
What is the remainder when 9086 is divided by 605?
11
What is the remainder when 17092 is divided by 912?
676
Calculate the remainder when 56071 is divided by 61.
12
What is the remainder when 43518 is divided by 837?
831
Calculate the remainder when 35340 is divided by 17578.
184
Calculate the remainder when 51038 is divided by 123.
116
Calculate the remainder when 6620 is divided by 82.
60
What is the remainder when 4785 is divided by 106?
15
Calculate the remainder when 479848 is divided by 150.
148
Calculate the remainder when 128426 is divided by 311.
294
What is the remainder when 892487 is divided by 49?
1
What is the remainder when 163718 is divided by 31?
7
Calculate the remainder when 1599 is divided by 766.
67
Calculate the remainder when 7325009 is divided by 1470.
1469
What is the remainder when 541924 is divided by 207?
205
Calculate the remainder when 64428 is divided by 64410.
18
Calculate the remainder when 12771 is divided by 1277.
1
Calculate the remainder when 3235 is divided by 202.
3
What is the remainder when 4223 is divided by 66?
65
Calculate the remainder when 144269 is divided by 874.
59
Calculate the remainder when 119293 is divided by 7017.
4
What is the remainder when 2427 is divided by 144?
123
Calculate the remainder when 101518 is divided by 90.
88
What is the remainder when 10013 is divided by 9991?
22
What is the remainder when 3180 is divided by 951?
327
What is the remainder when 14506 is divided by 363?
349
Calculate the remainder when 19611 is divided by 344.
3
Calculate the remainder when 7480 is divided by 105.
25
Calculate the remainder when 817511 is divided by 54.
5
Calculate the remainder when 2735 is divided by 62.
7
Calculate the remainder when 99249 is divided by 108.
105
What is the remainder when 306831 is divided by 66?
63
What is the remainder when 52555 is divided by 69?
46
What is the remainder when 707 is divided by 136?
27
Calculate the remainder when 541083 is divided by 4008.
3
Calculate the remainder when 42077 is divided by 6009.
14
Calculate the remainder when 65655 is divided by 2260.
115
Calculate the remainder when 6106 is divided by 1482.
178
Calculate the remainder when 70910 is divided by 89.
66
Calculate the remainder